72411
What are the prime factors of 4883215?
5, 976643
List the prime factors of 3580202007.
3, 907, 438589
What are the prime factors of 33947324?
2, 1429, 5939
What are the prime factors of 153922685?
5, 7, 103, 42697
What are the prime factors of 997373183?
79, 269, 46933
What are the prime factors of 25659448?
2, 3207431
List the prime factors of 316236788.
2, 7, 17, 107, 887
List the prime factors of 671521251.
3, 37, 79, 76579
List the prime factors of 7735177678.
2, 3867588839
List the prime factors of 983487837.
3, 327829279
List the prime factors of 158683078.
2, 577, 137507
What are the prime factors of 4259608704?
2, 3, 13, 284429
List the prime factors of 187740694.
2, 89, 1054723
List the prime factors of 781556130.
2, 3, 5, 17, 197, 2593
List the prime factors of 153179703.
3, 229, 74323
List the prime factors of 8901532.
2, 233, 9551
What are the prime factors of 603453592?
2, 7, 10775957
List the prime factors of 2409481375.
5, 7, 2753693
List the prime factors of 2709331349.
49697, 54517
What are the prime factors of 1497191645?
5, 211, 401, 3539
List the prime factors of 148558688.
2, 4642459
What are the prime factors of 81050115?
3, 5, 367, 14723
List the prime factors of 2243917716.
2, 3, 186993143
What are the prime factors of 85799074?
2, 1013, 42349
List the prime factors of 569329033.
7, 13, 6256363
What are the prime factors of 626551582?
2, 313275791
What are the prime factors of 21236690?
2, 5, 2123669
List the prime factors of 34795657.
13, 2676589
What are the prime factors of 156089304?
2, 3, 7, 151, 293
List the prime factors of 116352407.
167, 696721
What are the prime factors of 311472747?
3, 79, 229, 1913
What are the prime factors of 305708244?
2, 3, 4241, 6007
List the prime factors of 3514685997.
3, 257, 4558607
What are the prime factors of 604321528?
2, 1033, 73127
What are the prime factors of 35144312?
2, 7, 269, 2333
What are the prime factors of 7122664709?
17, 997, 420241
List the prime factors of 14937653.
41, 364333
What are the prime factors of 68330119?
11, 13, 29, 16477
List the prime factors of 16705138.
2, 2339, 3571
List the prime factors of 408959155.
5, 11, 7435621
What are the prime factors of 131082768?
2, 3, 311, 2927
What are the prime factors of 1028346278?
2, 487, 503, 2099
List the prime factors of 168174912.
2, 3, 761, 1151
What are the prime factors of 317623445?
5, 23, 2761943
What are the prime factors of 53347861?
7, 7621123
What are the prime factors of 1076617916?
2, 11, 4517, 5417
List the prime factors of 3648077.
43, 1973
What are the prime factors of 4564674607?
17, 41, 6549031
What are the prime factors of 54689503?
11, 4971773
List the prime factors of 322718414.
2, 5483, 29429
What are the prime factors of 986472921?
3, 7, 23, 79, 103, 251
What are the prime factors of 115878915?
3, 5, 41, 181, 347
List the prime factors of 1969507983.
3, 656502661
What are the prime factors of 351388797?
3, 101, 977, 1187
List the prime factors of 1313922352.
2, 19, 31, 139423
What are the prime factors of 578813842?
2, 29, 9979549
List the prime factors of 3714773582.
2, 13, 37, 211, 18301
List the prime factors of 2660031252.
2, 3, 8209973
What are the prime factors of 2392859196?
2, 3, 7, 13, 730421
List the prime factors of 3779140424.
2, 472392553
List the prime factors of 683752032.
2, 3, 433, 5483
List the prime factors of 1939512527.
3067, 632381
List the prime factors of 761370499.
14723, 51713
What are the prime factors of 1514884171?
79, 242731
What are the prime factors of 1025534?
2, 512767
What are the prime factors of 108994828?
2, 113, 293, 823
What are the prime factors of 2782727930?
2, 5, 2671, 104183
List the prime factors of 8450214.
2, 3, 53, 26573
List the prime factors of 130439158.
2, 29, 2248951
What are the prime factors of 308010147?
3, 102670049
List the prime factors of 4438004559.
3, 73, 20264861
List the prime factors of 522270496.
2, 11, 599, 2477
What are the prime factors of 59027921?
251, 235171
List the prime factors of 58033979.
58033979
What are the prime factors of 201876301?
11, 241, 271, 281
What are the prime factors of 2992011297?
3, 11, 90667009
List the prime factors of 158546192.
2, 7, 1415591
What are the prime factors of 4709167462?
2, 1237, 1903463
List the prime factors of 370493271.
3, 4573991
List the prime factors of 1610935092.
2, 3, 13, 61, 73, 773
What are the prime factors of 50779451?
191, 265861
List the prime factors of 23230507.
3343, 6949
List the prime factors of 790625639.
4663, 169553
List the prime factors of 3313576088.
2, 89, 52291
What are the prime factors of 3581740?
2, 5, 31, 53, 109
What are the prime factors of 114799719?
3, 29, 79, 16703
List the prime factors of 66768638.
2, 3851, 8669
What are the prime factors of 669595537?
13, 293, 367, 479
List the prime factors of 17264281.
61, 73, 3877
List the prime factors of 5444363347.
5444363347
What are the prime factors of 1987755434?
2, 7, 141982531
List the prime factors of 84525400.
2, 5, 422627
What are the prime factors of 86231608?
2, 37, 317, 919
List the prime factors of 4275438515.
5, 89, 9607727
What are the prime factors of 62753856?
2, 3, 11, 43, 691
What are the prime factors of 751902967?
1103, 681689
What are the prime factors of 29286954?
2, 3, 17, 61, 523
What are the prime factors of 88703624?
2, 11087953
What are the prime factors of 31795277?
59, 139, 3877
What are the prime factors of 50842394?
2, 29, 876593
What are the prime factors of 4225348?
2, 61, 17317
List the prime factors of 108600196.
2, 2029, 13381
What are the prime factors of 6644587654?
2, 3322293827
List the prime factors of 34525427.
83, 415969
What are the prime factors of 75409472?
2, 1178273
What are the prime factors of 59047385?
5, 43, 193, 1423
What are the prime factors of 55085436?
2, 3, 7, 79, 2767
List the prime factors of 1927276580.
2, 5, 757, 127297
What are the prime factors of 66495387?
3, 7, 3166447
What are the prime factors of 556323721?
61, 1361, 6701
What are the prime factors of 855636143?
855636143
List the prime factors of 252779651.
252779651
What are the prime factors of 159636703?
10429, 15307
What are the prime factors of 21178928?
2, 911, 1453
List the prime factors of 855107920.
2, 5, 19, 29, 1021
What are the prime factors of 108000776?
2, 13, 31, 139, 241
List the prime factors of 136725363.
3, 23, 660509
What are the prime factors of 1116282790?
2, 5, 7, 29, 97, 5669
List the prime factors of 13892752.
2, 101, 8597
List the prime factors of 520015462.
2, 1847, 140773
What are the prime factors of 373477255?
5, 74695451
List the prime factors of 534378007.
5303, 100769
What are the prime factors of 276360228?
2, 3, 17, 150523
List the prime factors of 11303016.
2, 3, 470959
What are the prime factors of 5975921154?
2, 3, 7, 19, 113, 66271
List the prime factors of 4122816248.
2, 515352031
What are the prime factors of 20620008?
2, 3, 10607
What are the prime factors of 145836914?
2, 17, 252313
What are the prime factors of 30418788?
2, 3, 23, 307, 359
List the prime factors of 111886795.
5, 89, 251431
List the prime factors of 54722136.
2, 3, 7, 307, 1061
List the prime factors of 258209369.
11, 23473579
What are the prime factors of 329657124?
2, 3, 37, 193, 3847
What are the prime factors of 1823500854?
2, 3, 7, 677, 21377
List the prime factors of 22813358.
2, 11406679
List the prime factors of 2161900284.
2, 3, 180158357
What are the prime factors of 3576631125?
3, 5, 9537683
What are the prime factors of 29371639?
11, 499, 5351
What are the prime factors of 33765048?
2, 3, 29, 103, 157
What are the prime factors of 76380833?
83, 317, 2903
List the prime factors of 3741114781.
3741114781
List the prime factors of 151684780.
2, 5, 13, 583403
List the prime factors of 7708824.
2, 3, 89, 401
List the prime factors of 169479404.
2, 41, 293, 3527
List the prime factors of 552677309.
193, 1447, 1979
List the prime factors of 645045120.
2, 3, 5, 23, 541
List the prime factors of 97695813.
3, 2273, 14327
What are the prime factors of 299485788?
2, 3, 7, 3565307
List the prime factors of 10480608.
2, 3, 151, 241
List the prime factors of 3500598913.
7, 191, 2618249
List the prime factors of 255078959.
255078959
What are the prime factors of 1079